4) to base 16.
-66cc66
-33110034 (base 5) to base 15
-596b4
-112002002120 (base 3) to base 12
-114429
Convert 466457 (base 9) to base 16.
446f8
Convert 211579 (base 10) to base 9.
352207
67055 (base 9) to base 7
243536
14301414 (base 5) to base 7
1164000
What is 6588643 (base 9) in base 2?
1101100000111011010000
What is -719616 (base 10) in base 14?
-14a372
58a35 (base 15) to base 7
2254253
Convert 207478 (base 16) to base 5.
1021030333
What is 22315310 (base 6) in base 7?
5525412
Convert 33003432 (base 6) to base 11.
60a804
What is -12212110001022 (base 3) in base 16?
-2f9669
-17c16 (base 16) to base 4
-113300112
1071883 (base 12) to base 5
1300242430
Convert 11222022120 (base 3) to base 15.
1e02c
Convert 504d4 (base 14) to base 3.
100210211000
What is -17287178 (base 9) in base 6?
-510004025
What is -314503 (base 7) in base 3?
-2202200101
What is 37b92 (base 13) in base 6?
2113012
122ba8 (base 12) to base 11
191aa1
Convert -23a620b (base 12) to base 2.
-11010011101011110101011
Convert 785587 (base 9) to base 6.
14023424
-1883777 (base 9) to base 6
-34411241
What is 1d81 (base 15) in base 3?
22210211
-122212201 (base 4) to base 8
-324641
-135098c (base 13) to base 16
-5cda0a
-542401 (base 7) to base 16
-1713a
What is 687b0 (base 14) in base 11?
1638a6
Convert -42434103 (base 6) to base 11.
-7833a0
11458 (base 15) to base 13
1c046
Convert 2343762 (base 11) to base 13.
b0268c
Convert -20611641 (base 8) to base 9.
-8240074
Convert 111715 (base 10) to base 12.
54797
Convert 11000000110010001101 (base 2) to base 9.
1433163
What is -11100001110010011010 (base 2) in base 15?
-134051
77295 (base 11) to base 13
3c07c
Convert -21103233022 (base 4) to base 11.
-1417348
-645195 (base 10) to base 2
-10011101100001001011
What is 41005 (base 6) in base 10?
5405
Convert 1300610 (base 10) to base 2.
100111101100010000010
What is -24134452 (base 6) in base 7?
-6311261
Convert -25b260 (base 12) to base 5.
-124330322
What is 846263 (base 10) in base 9?
1528762
What is 1b684 (base 12) in base 9?
61751
1835082 (base 9) to base 16
faca3
4367297 (base 12) to base 14
19bc991
Convert -11001100101010011 (base 2) to base 4.
-121211103
-24210133 (base 5) to base 12
-aa718
What is -16762a (base 12) in base 16?
-5e4c2
What is 11120120011 (base 3) in base 9?
146504
What is -39e90 (base 15) in base 14?
-4b887
776625 (base 9) to base 12
1a4735
Convert -40423051 (base 6) to base 2.
-100011001110001000111
Convert 2c17e0 (base 16) to base 14.
55314c
-30013606 (base 7) to base 4
-21130011313
-1223104 (base 7) to base 11
-a8081
What is -11212101210 (base 3) in base 12?
-47526
10350541 (base 6) to base 4
1023222331
Convert -12412440 (base 5) to base 16.
-1dff6
-c9a821 (base 15) to base 14
-13bdc70
100402410 (base 5) to base 11
256160
What is -2001002330 (base 4) in base 6?
-15155032
What is -1579701 (base 10) in base 5?
-401022301
94c59 (base 13) to base 3
111121112200
What is -445102 (base 6) in base 14?
-d8bc
Convert 1282841 (base 10) to base 12.
51a475
21203332111 (base 4) to base 9
4640421
What is -3694d (base 15) in base 2?
-101010100010001111
-3b521 (base 16) to base 15
-4bed7
What is 30240312 (base 5) in base 7?
2032026
-5306605 (base 10) to base 3
-100222121021221
Convert -609d (base 16) to base 13.
-b347
What is -233000013201 (base 4) in base 3?
-212011222120120
-41323022 (base 5) to base 12
-144315
What is -121303005 (base 6) in base 14?
-441c4d
Convert -105172 (base 9) to base 16.
-f578
Convert 3043111 (base 6) to base 9.
242047
Convert -963bf (base 16) to base 10.
-615359
Convert 33012332 (base 5) to base 15.
58947
What is 356560 (base 15) in base 7?
30461214
What is -74593b (base 13) in base 12?
-ab5563
-34113511 (base 7) to base 10
-2961715
What is -113010213330 (base 4) in base 14?
-b36260
What is 1067 (base 10) in base 2?
10000101011
12122222202 (base 3) to base 8
331652
Convert 111010101000110100010 (base 2) to base 5.
442441232
What is -111100020030 (base 4) in base 13?
-12009cc
Convert -44b9b0 (base 12) to base 7.
-12224142
Convert 51087 (base 11) to base 7.
430404
What is -1000111001100001011 (base 2) in base 9?
-483884
What is 11021201222 (base 3) in base 11?
58434
What is 14f64 (base 16) in base 9?
140700
103210232 (base 4) to base 13
2a653
Convert 556014 (base 7) to base 15.
1e109
Convert -64034405 (base 7) to base 5.
-2341430010
What is 10045522 (base 6) in base 7?
2301653
Convert -24185656 (base 9) to base 6.
-1101023553
What is 1cd5cb (base 14) in base 12?
41b3bb
-241402440 (base 5) to base 12
-461545
66301 (base 9) to base 11
30056
8ba76 (base 14) to base 2
1010010111001111000
What is 33323020132 (base 4) in base 11?
23a1299
What is 16e8b (base 15) in base 11?
50795
Convert -10000001221010 (base 3) to base 15.
-217c20
What is 120000120120 (base 3) in base 16?
482f1
6577739 (base 10) to base 8
31057113
What is -31720 (base 16) in base 4?
-301130200
-35114033 (base 6) to base 5
-234124140
633012 (base 10) to base 9
1164286
111107475 (base 8) to base 13
3c83ca1
-1e0c1d (base 16) to base 4
-13200300131
What is -1b70d (base 14) in base 8?
-210541
2636061 (base 7) to base 2
1010100010101100100
What is 112034402 (base 5) in base 14?
d1193
-1796596 (base 10) to base 9
-3337417
Convert -231242333 (base 5) to base 16.
-fdfd7
1152020 (base 7) to base 12
711b5
Convert 1826513 (base 9) to base 7.
11453565
-111122202111 (base 3) to base 12
-10b6a1
What is 2d3035 (base 15) in base 4?
20111330222
Convert 21023221100 (base 4) to base 3.
11112021202212
Convert -19026 (base 15) to base 3.
-11010011100
Convert -4992e (base 15) to base 7.
-1665653
Convert -4023122 (base 5) to base 7.
-355030
-2d7f94 (base 16) to base 3
-12121111020022
13348a (base 13) to base 9
776872
-1a06476 (base 12) to base 9
-11280420
Convert 121020143 (base 5) to base 11.
355654
212100120021 (base 3) to base 14
bd746
What is 1113320011 (base 4) in base 3?
200021202011
Convert -25a328 (base 11) to base 10.
-409010
Convert -7780762 (base 9) to base 4.
-33332012231
102243031 (base 5) to base 8
1511650
Convert -20715 (base 16) to base 12.
-64a99
Convert -a330 (base 11) to base 12.
-7b22
1100311232 (base 4) to base 3
121211012122
Convert 202120211001 (base 3) to base 6.
12403514
What is -2212211233 (base 4) in base 8?
-2464557
4013350 (base 6) to base 5
22014311
726839 (base 10) to base 13
1c5aa9
Convert -12dbc7 (base 16) to base 9.
-2283314
What is -876402 (base 9) in base 11?
-327a52
-220255 (base 7) to base 16
-969a
What is -3001120121 (base 4) in base 12?
-322475
Convert 314121400 (base 5) to base 2.
101000001100011101100
Convert 53a210 (base 12) to base 13.
374802
Convert 11466112 (base 7) to base 10.
1024942
27f8b (base 16) to base 9
268524
Convert -16687134 (base 9) to base 2.
-11111111110110001111100
-a23fd6 (base 16) to base 12
-368955a
What is 85496 (base 10) in base 16?
14df8
Convert a9587 (base 14) to base 5.
101104310
Convert -1603051 (base 7) to base 5.
-24011211
31125564 (base 7) to base 8
11755265
-15597a4 (base 11) to base 13
-723122
-4133766 (base 9) to base 11
-1278426
Convert -162638 (base 11) to base 4.
-331212212
What is 757185 (base 13) in base 4?
22201032021
What is 1adaa9 (base 14) in base 3?
1210202112212
What is 387815 (base 10) in base 15?
79d95
Convert -14031200431 (base 5) to base 13.
-390586c
Convert -1546235 (base 10) to base 2.
-101111001011111111011
-23724587 (base 9) to base 10
-11590126
What is -1462450 (base 9) in base 6?
-25200330
Convert -1021221232 (base 4) to base 12.
-1266ba
35a61d (base 14) to base 2
110111111110011010011
Convert -532533235 (base 6) to base 12.
-318121b
Convert 156664313 (base 7) to base 6.
1021241015
Convert 1231100322 (base 5) to base 15.
3e0327
Convert -310301512 (base 6) to base 2.
-10100011000010100110100
What is 8090a (base 11) in base 10?
118227
What is 22331111011 (base 4) in base 12?
b664b1
What is 26013186 (base 9) in base 8?
60540543
6a376 (base 11) to base 7
602134
Convert 27c658 (base 15) to base 14.
37bc9c
d2e5c (base 15) to base 13
1a5143
What is 964e29 (base 15) in base 7?
114546342
What is ad26d2 (base 15) in base 3?
120112122211022
Convert -33704 (base 15) to base 11.
-101999
-6303265 (base 9) to base 13
-90c125
What is 7271056 (base 8) in base 12?
790926
-210156 (base 7) to base 9
-54466
Convert 137984b (base 12) to base 4.
3